{"version":"1.0","provider_name":"Workers for Climate Justice","provider_url":"https:\/\/justiceclimatique.org\/en\/","author_name":"Francois Geoffroy","author_url":"https:\/\/justiceclimatique.org\/en\/author\/francois\/","title":"Public transportation - Workers for Climate Justice","type":"rich","width":600,"height":338,"html":"<blockquote class=\"wp-embedded-content\" data-secret=\"LKWTN4iQ25\"><a href=\"https:\/\/justiceclimatique.org\/en\/campaign\/transports-collectifs\/\">Public transportation<\/a><\/blockquote><iframe sandbox=\"allow-scripts\" security=\"restricted\" src=\"https:\/\/justiceclimatique.org\/en\/campaign\/transports-collectifs\/embed\/#?secret=LKWTN4iQ25\" width=\"600\" height=\"338\" title=\"&#8220;Public transportation&#8221; &#8212; Workers for Climate Justice\" data-secret=\"LKWTN4iQ25\" frameborder=\"0\" marginwidth=\"0\" marginheight=\"0\" scrolling=\"no\" class=\"wp-embedded-content\"><\/iframe><script type=\"text\/javascript\">\n\/* <![CDATA[ *\/\n\/*! This file is auto-generated *\/\n!function(d,l){\"use strict\";l.querySelector&&d.addEventListener&&\"undefined\"!=typeof URL&&(d.wp=d.wp||{},d.wp.receiveEmbedMessage||(d.wp.receiveEmbedMessage=function(e){var t=e.data;if((t||t.secret||t.message||t.value)&&!\/[^a-zA-Z0-9]\/.test(t.secret)){for(var s,r,n,a=l.querySelectorAll('iframe[data-secret=\"'+t.secret+'\"]'),o=l.querySelectorAll('blockquote[data-secret=\"'+t.secret+'\"]'),c=new RegExp(\"^https?:$\",\"i\"),i=0;i<o.length;i++)o[i].style.display=\"none\";for(i=0;i<a.length;i++)s=a[i],e.source===s.contentWindow&&(s.removeAttribute(\"style\"),\"height\"===t.message?(1e3<(r=parseInt(t.value,10))?r=1e3:~~r<200&&(r=200),s.height=r):\"link\"===t.message&&(r=new URL(s.getAttribute(\"src\")),n=new URL(t.value),c.test(n.protocol))&&n.host===r.host&&l.activeElement===s&&(d.top.location.href=t.value))}},d.addEventListener(\"message\",d.wp.receiveEmbedMessage,!1),l.addEventListener(\"DOMContentLoaded\",function(){for(var e,t,s=l.querySelectorAll(\"iframe.wp-embedded-content\"),r=0;r<s.length;r++)(t=(e=s[r]).getAttribute(\"data-secret\"))||(t=Math.random().toString(36).substring(2,12),e.src+=\"#?secret=\"+t,e.setAttribute(\"data-secret\",t)),e.contentWindow.postMessage({message:\"ready\",secret:t},\"*\")},!1)))}(window,document);\n\/* ]]> *\/\n<\/script>\n","thumbnail_url":"https:\/\/justiceclimatique.org\/wp-content\/uploads\/2025\/09\/2025-04-26-Andre-Querry-964-scaled.jpg","thumbnail_width":2560,"thumbnail_height":1192,"description":"On April 26, 2025, for Earth Day, the unions of the Soci\u00e9t\u00e9 de Transports de Montr\u00e9al demonstrated alongside environmental and community groups to advocate for better funding for public transportation. We invite unions and environmental organizations to take this mutual rapprochement further: unions can invite community and environmental organizations to work with them to develop [&hellip;]"}

On April 26, 2025, for Earth Day, the unions of the Société de Transports de Montréal demonstrated alongside environmental and community groups to advocate for better funding for public transportation. We invite unions and environmental organizations to take this mutual rapprochement further: unions can invite community and environmental organizations to work with them to develop [&hellip;]
